{"id":532,"date":"2024-11-11T12:21:00","date_gmt":"2024-11-11T11:21:00","guid":{"rendered":"https:\/\/gustavobargellini-libros.com.ar\/?page_id=532"},"modified":"2025-01-29T20:20:32","modified_gmt":"2025-01-29T19:20:32","slug":"rebelion","status":"publish","type":"page","link":"https:\/\/gustavobargellini-libros.com.ar\/?page_id=532","title":{"rendered":"REBELI\u00d3N"},"content":{"rendered":"\n<h1>\n\t\tREBELI\u00d3N\n\t<\/h1>\n\t<p><strong>LA PRECUELA<\/strong><\/p>\n<p><strong>VISITANTES III<\/strong><\/p>\n\t\t\t\t<img decoding=\"async\" src=\"http:\/\/gustavobargellini-libros.com.ar\/wp-content\/uploads\/2024\/11\/WhatsApp-Image-2024-11-10-at-2.32.16-PM.jpeg\" alt=\"WhatsApp Image 2024-11-10 at 2.32.16 PM\" itemprop=\"image\" title=\"WhatsApp Image 2024-11-10 at 2.32.16 PM\" onerror=\"this.style.display='none'\"  \/>\n\t\t\t\t<img decoding=\"async\" src=\"http:\/\/gustavobargellini-libros.com.ar\/wp-content\/uploads\/2024\/11\/WhatsApp-Image-2024-11-10-at-2.32.49-PM.jpeg\" alt=\"WhatsApp Image 2024-11-10 at 2.32.49 PM\" itemprop=\"image\" title=\"WhatsApp Image 2024-11-10 at 2.32.49 PM\" onerror=\"this.style.display='none'\"  \/>\n\t<meta itemprop=\"url\" content=\"https:\/\/gustavobargellini-libros.com.ar\/wp-content\/uploads\/2025\/01\/mira-como-me-hace-leer-ciencia-ficcion-gustavobargellinilibros-quien-me-ha-1lys3_e6Ybkuyz.mp4\" \/><div style=\"width: 640px;\" class=\"wp-video\"><video class=\"wp-video-shortcode\" id=\"video-532-1\" width=\"640\" height=\"360\" preload=\"metadata\" controls=\"controls\"><source type=\"video\/mp4\" src=\"https:\/\/gustavobargellini-libros.com.ar\/wp-content\/uploads\/2025\/01\/mira-como-me-hace-leer-ciencia-ficcion-gustavobargellinilibros-quien-me-ha-1lys3_e6Ybkuyz.mp4?_=1\" \/><source type=\"video\/mp4\" src=\"https:\/\/gustavobargellini-libros.com.ar\/wp-content\/uploads\/2025\/01\/mira-como-me-hace-leer-ciencia-ficcion-gustavobargellinilibros-quien-me-ha-1lys3_e6Ybkuyz.mp4?_=1\" \/><a href=\"https:\/\/gustavobargellini-libros.com.ar\/wp-content\/uploads\/2025\/01\/mira-como-me-hace-leer-ciencia-ficcion-gustavobargellinilibros-quien-me-ha-1lys3_e6Ybkuyz.mp4\">https:\/\/gustavobargellini-libros.com.ar\/wp-content\/uploads\/2025\/01\/mira-como-me-hace-leer-ciencia-ficcion-gustavobargellinilibros-quien-me-ha-1lys3_e6Ybkuyz.mp4<\/a><\/video><\/div>\n\t<p>\u00a1Fant\u00e1stica, como siempre, tu rese\u00f1a, Flor!<\/p>\n<p>Te agradezco mucho que hayas le\u00eddo mi libro, y es un orgullo que te hayas gustado.<\/p>\n\n<p>REBELI\u00d3N es la precuela de la historia comenzada con VISITANTES, esta historia de ficci\u00f3n que contin\u00faa y cierra con EL TRASLADO.<\/p>\n\n<p>Para adquirirlos, tanto en formato f\u00edsico como en Ebook,comun\u00edcate conmigo por mensaje privado en mi perfil de Instagram o escribime al mail: <a href=\"mailto:bargeprivado@gmail.com\">bargeprivado@gmail.com<\/a><\/p>\n\n<p>En CABA tambi\u00e9n los pod\u00e9s conseguir en la librer\u00eda La Balandra, M\u00e9xico 2918.<\/p>\n\n","protected":false},"excerpt":{"rendered":"<p>REBELI\u00d3N LA PRECUELA VISITANTES III \u00a1Fant\u00e1stica, como siempre, tu rese\u00f1a, Flor! Te agradezco mucho que hayas le\u00eddo mi libro, y es un orgullo que te hayas gustado. REBELI\u00d3N es la precuela de la historia comenzada con VISITANTES, esta historia de ficci\u00f3n que contin\u00faa y cierra con EL TRASLADO. Para adquirirlos, tanto en formato f\u00edsico como [&hellip;]<\/p>\n","protected":false},"author":1,"featured_media":0,"parent":0,"menu_order":0,"comment_status":"closed","ping_status":"closed","template":"","meta":{"_monsterinsights_skip_tracking":false,"_monsterinsights_sitenote_active":false,"_monsterinsights_sitenote_note":"","_monsterinsights_sitenote_category":0,"site-sidebar-layout":"default","site-content-layout":"","ast-site-content-layout":"default","site-content-style":"default","site-sidebar-style":"default","ast-global-header-display":"","ast-banner-title-visibility":"","ast-main-header-display":"","ast-hfb-above-header-display":"","ast-hfb-below-header-display":"","ast-hfb-mobile-header-display":"","site-post-title":"","ast-breadcrumbs-content":"","ast-featured-img":"","footer-sml-layout":"","ast-disable-related-posts":"","theme-transparent-header-meta":"","adv-header-id-meta":"","stick-header-meta":"","header-above-stick-meta":"","header-main-stick-meta":"","header-below-stick-meta":"","astra-migrate-meta-layouts":"default","ast-page-background-enabled":"default","ast-page-background-meta":{"desktop":{"background-color":"var(--ast-global-color-4)","background-image":"","background-repeat":"repeat","background-position":"center center","background-size":"auto","background-attachment":"scroll","background-type":"","background-media":"","overlay-type":"","overlay-color":"","overlay-opacity":"","overlay-gradient":""},"tablet":{"background-color":"","background-image":"","background-repeat":"repeat","background-position":"center center","background-size":"auto","background-attachment":"scroll","background-type":"","background-media":"","overlay-type":"","overlay-color":"","overlay-opacity":"","overlay-gradient":""},"mobile":{"background-color":"","background-image":"","background-repeat":"repeat","background-position":"center center","background-size":"auto","background-attachment":"scroll","background-type":"","background-media":"","overlay-type":"","overlay-color":"","overlay-opacity":"","overlay-gradient":""}},"ast-content-background-meta":{"desktop":{"background-color":"var(--ast-global-color-5)","background-image":"","background-repeat":"repeat","background-position":"center center","background-size":"auto","background-attachment":"scroll","background-type":"","background-media":"","overlay-type":"","overlay-color":"","overlay-opacity":"","overlay-gradient":""},"tablet":{"background-color":"var(--ast-global-color-5)","background-image":"","background-repeat":"repeat","background-position":"center center","background-size":"auto","background-attachment":"scroll","background-type":"","background-media":"","overlay-type":"","overlay-color":"","overlay-opacity":"","overlay-gradient":""},"mobile":{"background-color":"var(--ast-global-color-5)","background-image":"","background-repeat":"repeat","background-position":"center center","background-size":"auto","background-attachment":"scroll","background-type":"","background-media":"","overlay-type":"","overlay-color":"","overlay-opacity":"","overlay-gradient":""}},"footnotes":""},"class_list":["post-532","page","type-page","status-publish","hentry"],"_links":{"self":[{"href":"https:\/\/gustavobargellini-libros.com.ar\/index.php?rest_route=\/wp\/v2\/pages\/532","targetHints":{"allow":["GET"]}}],"collection":[{"href":"https:\/\/gustavobargellini-libros.com.ar\/index.php?rest_route=\/wp\/v2\/pages"}],"about":[{"href":"https:\/\/gustavobargellini-libros.com.ar\/index.php?rest_route=\/wp\/v2\/types\/page"}],"author":[{"embeddable":true,"href":"https:\/\/gustavobargellini-libros.com.ar\/index.php?rest_route=\/wp\/v2\/users\/1"}],"replies":[{"embeddable":true,"href":"https:\/\/gustavobargellini-libros.com.ar\/index.php?rest_route=%2Fwp%2Fv2%2Fcomments&post=532"}],"version-history":[{"count":8,"href":"https:\/\/gustavobargellini-libros.com.ar\/index.php?rest_route=\/wp\/v2\/pages\/532\/revisions"}],"predecessor-version":[{"id":628,"href":"https:\/\/gustavobargellini-libros.com.ar\/index.php?rest_route=\/wp\/v2\/pages\/532\/revisions\/628"}],"wp:attachment":[{"href":"https:\/\/gustavobargellini-libros.com.ar\/index.php?rest_route=%2Fwp%2Fv2%2Fmedia&parent=532"}],"curies":[{"name":"wp","href":"https:\/\/api.w.org\/{rel}","templated":true}]}}